{"id":31636,"date":"2018-09-25T07:31:36","date_gmt":"2018-09-25T07:31:36","guid":{"rendered":"http:\/\/democontent.codex-themes.com\/thegem\/?page_id=31636"},"modified":"2025-06-09T18:09:56","modified_gmt":"2025-06-09T18:09:56","slug":"thegem-main-features","status":"publish","type":"page","link":"https:\/\/dgmn.cl\/premilitares\/","title":{"rendered":"INICIO"},"content":{"rendered":"<p>[vc_row full_width=&#8221;stretch_row_content&#8221; full_height=&#8221;yes&#8221; content_placement=&#8221;middle&#8221; ken_burns_transition_speed=&#8221;15000&#8243; thegem_fix_full_height=&#8221;true&#8221; ken_burns_enabled=&#8221;true&#8221; css=&#8221;.vc_custom_1636080437554{margin-bottom: 0px !important;border-bottom-width: 0px !important;background: #141414 url(https:\/\/dgmn.cl\/premilitares\/wp-content\/uploads\/2021\/11\/fondodgmn3.png?id=31978) !important;background-position: center !important;background-repeat: no-repeat !important;background-size: cover !important;}&#8221; ken_burns_image=&#8221;31980&#8243;][vc_column width=&#8221;2\/3&#8243; el_class=&#8221;custom-column&#8221;]<div class=\"clearboth\"><\/div><div class=\"gem-divider \" style=\"margin-top: 56px;\"><\/div>[vc_column_text el_class=&#8221;custom-font&#8221;]<\/p>\n<h3 class=\"title-h2\" style=\"text-align: left;\"><strong><span class=\"light\">CERTIFICAMOS A LOS<br \/>\nESTABLECIMIENTOS<br \/>\nPREMILITARES<\/span><\/strong><\/h3>\n<p>[\/vc_column_text]<div class=\"clearboth\"><\/div><div class=\"gem-divider \" style=\"margin-top: 56px;\"><\/div>[\/vc_column][vc_column width=&#8221;1\/3&#8243;][\/vc_column][\/vc_row][vc_row][vc_column][vc_column_text css_animation=&#8221;left-to-right&#8221;]<\/p>\n<div class=\"title-xlarge\" style=\"text-align: center;\"><span style=\"color: #3c3950;\">DGMN\u00a0<span class=\"light\">PREMILITARES<\/span><\/span><\/div>\n<p>[\/vc_column_text][\/vc_column][\/vc_row][vc_row][vc_column]<div class=\"clearboth\"><\/div><div class=\"gem-divider \" style=\"margin-top: 58px;\"><\/div>[vc_column_text css_animation=&#8221;left-to-right&#8221;]<\/p>\n<div class=\"styled-subtitle\" style=\"text-align: center;\">\n<h2><strong>Educaci\u00f3n integral basada en el alumno y su potencial<\/strong><\/h2>\n<p>Los colegios premilitares existen desde 1970 en Chile, y quiz\u00e1, durante este tiempo, han sido poco visibilizados en t\u00e9rminos de mostrar las ventajas comparativas de sus proyectos educativos, versus colegios sin sello premilitar, conoce aqu\u00ed de que se trata y c\u00f3mo puedes ser parte de este proyecto formativo.<\/p>\n<\/div>\n<p>[\/vc_column_text]<div class=\"clearboth\"><\/div><div class=\"gem-divider \" style=\"margin-top: 56px;\"><\/div>[\/vc_column][\/vc_row][vc_row full_width=&#8221;stretch_row_content&#8221; equal_height=&#8221;yes&#8221; css=&#8221;.vc_custom_1460131567928{margin-bottom: 0px !important;border-bottom-width: 0px !important;padding-bottom: 0px !important;}&#8221;][vc_column css=&#8221;.vc_custom_1460209497500{margin-bottom: 0px !important;border-bottom-width: 0px !important;padding-bottom: 0px !important;padding-left: 70px !important;background-color: #429ae2 !important;}&#8221; offset=&#8221;vc_col-lg-4&#8243;]<div class=\"clearboth\"><\/div><div class=\"gem-divider \" style=\"margin-top: 17px;\"><\/div><div class=\"gem-icon-with-text gem-icon-with-text-icon-size-medium gem-icon-with-text-float-right gem-icon-with-text-flow\" ><div style=\"margin-bottom:0px;padding-right: 20px;padding-left: 70px;margin-top:0px; \" class=\"gem-icon-with-text-icon\"><div class=\"gem-icon gem-icon-pack-material gem-icon-size-medium  gem-icon-shape-circle\"  style=\"border-color: #ffffff;opacity: 1;\"><div class=\"gem-icon-inner\" style=\"background-color: #ffffff;\"><span class=\"gem-icon-half-1\" style=\"color: #3c3950;\"><span class=\"back-angle\">&#xf154;<\/span><\/span><span class=\"gem-icon-half-2\" style=\"color: #3c3950;\"><span class=\"back-angle\">&#xf154;<\/span><\/span><\/div><\/div><\/div><div class=\"gem-icon-with-text-content\" ><div class=\"gem-icon-with-text-text\">[vc_column_text]<\/p>\n<div class=\"title-h2\"><span style=\"color: #e7ff89;\"><span style=\"color: #ffffff; font-family: Montserrat UltraLight;\">MANUALES<br \/>\n<\/span><\/span><span style=\"color: #e7ff89;\">AUTORIZADOS<\/span><\/div>\n<p>[\/vc_column_text][vc_column_text]<\/p>\n<div class=\"styled-subtitle\"><span style=\"color: #3c3950;\">Aqu\u00ed encontrar\u00e1 el material necesario para realizar la instrucci\u00f3n Premilitar en su proyecto educativo.\u00a0<\/span><\/div>\n<p>[\/vc_column_text]<\/div><\/div><div class=\"clearboth\"><\/div><\/div><div class=\"clearboth\"><\/div><div class=\"gem-divider \" style=\"margin-top: 56px;\"><\/div><style type=\"text\/css\">.thegem-button-69d41d69420586362.lazy-loading-before-start-animation .lazy-loading-item {opacity: 0;}<\/style><div class=\"gem-button-container gem-button-position-inline thegem-button-69d41d69420586362 lazy-loading lazy-loading-before-start-animation\" ><a title=\"Autorizados\" class=\"gem-button gem-button-size-medium gem-button-style-outline gem-button-text-weight-thin gem-button-border-1 lazy-loading-item\"data-ll-effect=\"drop-right-without-wrap\" style=\"border-radius: 333px;border-color: #00f7f7;color: #ffffff;\" onmouseleave=\"this.style.borderColor='#00f7f7';this.style.backgroundColor='transparent';this.style.color='#ffffff';\" onmouseenter=\"this.style.borderColor='#838190';this.style.backgroundColor='#838190';this.style.color='#ffffff';\" href=\"https:\/\/dgmn.cl\/premilitares\/manuales\/\" target=\"_self\">Manuales Autorizados<\/a><\/div> [\/vc_column][vc_column css=&#8221;.vc_custom_1460209510088{padding-left: 70px !important;background-color: #00bcd4 !important;}&#8221; offset=&#8221;vc_col-lg-4&#8243;]<div class=\"clearboth\"><\/div><div class=\"gem-divider \" style=\"margin-top: 17px;\"><\/div><div class=\"gem-icon-with-text gem-icon-with-text-icon-size-medium gem-icon-with-text-float-right gem-icon-with-text-flow\" ><div style=\"margin-bottom:0px;padding-right: 20px;padding-left: 70px;margin-top:0px; \" class=\"gem-icon-with-text-icon\"><div class=\"gem-icon gem-icon-pack-material gem-icon-size-medium  gem-icon-shape-circle\"  style=\"border-color: #ffffff;opacity: 1;\"><div class=\"gem-icon-inner\" style=\"background-color: #ffffff;\"><span class=\"gem-icon-half-1\" style=\"color: #3c3950;\"><span class=\"back-angle\">&#xf20b;<\/span><\/span><span class=\"gem-icon-half-2\" style=\"color: #3c3950;\"><span class=\"back-angle\">&#xf20b;<\/span><\/span><\/div><\/div><\/div><div class=\"gem-icon-with-text-content\" ><div class=\"gem-icon-with-text-text\">[vc_column_text]<\/p>\n<div class=\"title-h2\"><span style=\"color: #ffffff;\"><span style=\"color: #e7ff89;\"><span class=\"light\" style=\"color: #ffffff;\">C\u00d3MO<br \/>\n<\/span>ACREDITARSE<\/span><\/span><\/div>\n<p>[\/vc_column_text][vc_column_text]<\/p>\n<div class=\"styled-subtitle\"><span style=\"color: #3c3950;\">Revise aqu\u00ed, qu\u00e9 necesita para convertirse en un establecimiento de educaci\u00f3n premilitar.<\/span><\/div>\n<p>[\/vc_column_text]<\/div><\/div><div class=\"clearboth\"><\/div><\/div><div class=\"clearboth\"><\/div><div class=\"gem-divider \" style=\"margin-top: 56px;\"><\/div><style type=\"text\/css\">.thegem-button-69d41d69421f76958.lazy-loading-before-start-animation .lazy-loading-item {opacity: 0;}<\/style><div class=\"gem-button-container gem-button-position-center thegem-button-69d41d69421f76958 lazy-loading lazy-loading-before-start-animation\" ><a title=\"Autorizados\" class=\"gem-button gem-button-size-medium gem-button-style-outline gem-button-text-weight-thin gem-button-border-2 gem-button-no-uppercase lazy-loading-item\"data-ll-effect=\"drop-right-without-wrap\" style=\"border-radius: 333px;border-color: #00e2f2;color: #ffffff;\" onmouseleave=\"this.style.borderColor='#00e2f2';this.style.backgroundColor='transparent';this.style.color='#ffffff';\" onmouseenter=\"this.style.borderColor='#838190';this.style.backgroundColor='#838190';this.style.color='#ffffff';\" href=\"https:\/\/dgmn.cl\/premilitares\/acreditacion\/\" target=\"_self\">C\u00f3mo Acreditarme<\/a><\/div> [\/vc_column][vc_column css=&#8221;.vc_custom_1460209520987{padding-left: 70px !important;background-color: #4cd2b1 !important;}&#8221; offset=&#8221;vc_col-lg-4&#8243;]<div class=\"clearboth\"><\/div><div class=\"gem-divider \" style=\"margin-top: 17px;\"><\/div><div class=\"gem-icon-with-text gem-icon-with-text-icon-size-medium gem-icon-with-text-float-right gem-icon-with-text-flow\" ><div style=\"margin-bottom:0px;padding-right: 20px;padding-left: 70px;margin-top:0px; \" class=\"gem-icon-with-text-icon\"><div class=\"gem-icon gem-icon-pack-material gem-icon-size-medium  gem-icon-shape-circle\"  style=\"border-color: #ffffff;opacity: 1;\"><div class=\"gem-icon-inner\" style=\"background-color: #ffffff;\"><span class=\"gem-icon-half-1\" style=\"color: #3c3950;\"><span class=\"back-angle\">&#xf3c6;<\/span><\/span><span class=\"gem-icon-half-2\" style=\"color: #3c3950;\"><span class=\"back-angle\">&#xf3c6;<\/span><\/span><\/div><\/div><\/div><div class=\"gem-icon-with-text-content\" ><div class=\"gem-icon-with-text-text\">[vc_column_text]<\/p>\n<div class=\"title-h2\"><span style=\"color: #e7ff89;\"><span style=\"color: #ffffff; font-family: Montserrat UltraLight;\">NORMATIVA <\/span><\/span><span style=\"color: #e7ff89;\">VIGENTE\u00a0<\/span><\/div>\n<p>[\/vc_column_text][vc_column_text]<\/p>\n<div class=\"styled-subtitle\"><span style=\"color: #3c3950;\">Qu\u00e9 Leyes o normativas est\u00e1n vigentes para el funcionamiento de las Premilitares! Revise aqu\u00ed<\/span><\/div>\n<p>[\/vc_column_text]<\/div><\/div><div class=\"clearboth\"><\/div><\/div><div class=\"clearboth\"><\/div><div class=\"gem-divider \" style=\"margin-top: 56px;\"><\/div><style type=\"text\/css\">.thegem-button-69d41d694237e6757.lazy-loading-before-start-animation .lazy-loading-item {opacity: 0;}<\/style><div class=\"gem-button-container gem-button-position-inline thegem-button-69d41d694237e6757 lazy-loading lazy-loading-before-start-animation\" ><a title=\"Autorizados\" class=\"gem-button gem-button-size-medium gem-button-style-outline gem-button-text-weight-thin gem-button-border-1 lazy-loading-item\"data-ll-effect=\"drop-right-without-wrap\" style=\"border-radius: 333px;border-color: #00f4fc;color: #ffffff;\" onmouseleave=\"this.style.borderColor='#00f4fc';this.style.backgroundColor='transparent';this.style.color='#ffffff';\" onmouseenter=\"this.style.borderColor='#838190';this.style.backgroundColor='#838190';this.style.color='#ffffff';\" href=\"https:\/\/dgmn.cl\/premilitares\/normativas-legales\/\" target=\"_self\">Normativa<\/a><\/div> [\/vc_column][\/vc_row]<\/p>\n","protected":false},"excerpt":{"rendered":"<p>[vc_row full_width=&#8221;stretch_row_content&#8221; full_height=&#8221;yes&#8221; content_placement=&#8221;middle&#8221; ken_burns_transition_speed=&#8221;15000&#8243; thegem_fix_full_height=&#8221;true&#8221; ken_burns_enabled=&#8221;true&#8221; css=&#8221;.vc_custom_1636080437554{margin-bottom: 0px !important;border-bottom-width: 0px !important;background: #141414 url(https:\/\/dgmn.cl\/premilitares\/wp-content\/uploads\/2021\/11\/fondodgmn3.png?id=31978) !important;background-position: center !important;background-repeat: no-repeat !important;background-size: cover&#8230;<\/p>\n","protected":false},"author":1,"featured_media":0,"parent":0,"menu_order":0,"comment_status":"closed","ping_status":"closed","template":"","meta":{"footnotes":""},"class_list":["post-31636","page","type-page","status-publish"],"_links":{"self":[{"href":"https:\/\/dgmn.cl\/premilitares\/wp-json\/wp\/v2\/pages\/31636","targetHints":{"allow":["GET"]}}],"collection":[{"href":"https:\/\/dgmn.cl\/premilitares\/wp-json\/wp\/v2\/pages"}],"about":[{"href":"https:\/\/dgmn.cl\/premilitares\/wp-json\/wp\/v2\/types\/page"}],"author":[{"embeddable":true,"href":"https:\/\/dgmn.cl\/premilitares\/wp-json\/wp\/v2\/users\/1"}],"replies":[{"embeddable":true,"href":"https:\/\/dgmn.cl\/premilitares\/wp-json\/wp\/v2\/comments?post=31636"}],"version-history":[{"count":0,"href":"https:\/\/dgmn.cl\/premilitares\/wp-json\/wp\/v2\/pages\/31636\/revisions"}],"wp:attachment":[{"href":"https:\/\/dgmn.cl\/premilitares\/wp-json\/wp\/v2\/media?parent=31636"}],"curies":[{"name":"wp","href":"https:\/\/api.w.org\/{rel}","templated":true}]}}